r when a is divided by 29?
28
Let v(z) be the second derivative of z**5/10 + 4*z**4 - 7*z**3/6 - 57*z**2 - 3*z - 14. What is the remainder when 164 is divided by v(-24)?
2
Let t = 221 - 181. Suppose -2*c = b - t, 3*c + 0*c = 6. Calculate the remainder when 2/3 + (-421)/(-3) is divided by b.
33
Calculate the remainder when 312 is divided by 855/(-36)*(-3 + -1).
27
Suppose 0 = -4*n + 9*n + 100. Calculate the remainder when (-1785)/n - (15/(-4) - -3) is divided by 13.
12
Let l(m) = -2*m**2 - 20*m + 1668. What is the remainder when 39 is divided by l(-34)?
3
Let x(o) = -12*o**2 + 372*o + 11. What is the remainder when 51 is divided by x(31)?
7
Suppose -13*k - 4*h = -14*k + 10, -k = 4*h - 42. Calculate the remainder when 89 is divided by k.
11
Calculate the remainder when (12 - 8472/(-16))*2/3 is divided by 45.
1
Let v be 7 + -5 + -5 + -1. Calculate the remainder when 111 is divided by (1 + v/8)/((-2)/(-116)).
24
Suppose 454 = -3*p + 7*n - 2*n, p = -4*n - 174. Let d = p - -176. What is the remainder when 29 is divided by d?
11
Let k(d) = -34*d + 63. Let o be k(-5). Suppose -o - 147 = -19*b. What is the remainder when 56 is divided by b?
16
Suppose -5*c + 83 = 5*v + 8, -v + 39 = -5*c. Let n(x) = -4*x**3 + x + 2. What is the remainder when n(-2) is divided by v?
13
Let g be (-148)/(-18) - 9/((-162)/(-4)). Suppose -q + 3*q - g = 0. Suppose l + 24 = q*l. What is the remainder when 12 is divided by l?
4
Let n be (-10 - -12)*(0 + -1). Let k(j) = -j**3 + j**2 + 114. Calculate the remainder when k(0) is divided by 936/16*((-24)/(-9) + n).
36
Let u = 8465 - 8447. What is the remainder when 3023 is divided by u?
17
Suppose -v + 192 = 5*v. Let g = 69 + v. What is the remainder when g is divided by 22?
13
Suppose 2*z + 129 = 5*h - 31, 4*z - 100 = -4*h. Let n = h - 36. Calculate the remainder when 40 is divided by (66/9)/(n/(-9)).
7
Let o(f) = -f**3 - 43*f**2 - 444*f + 32. What is the remainder when 858 is divided by o(-16)?
186
Calculate the remainder when 3050 is divided by -24 + 29 - 13/((-91)/462).
68
Let o(y) = 0 + 0 + 3*y. What is the remainder when o(3) is divided by (-1)/(-3*3/54*1)?
3
Suppose -s = -5*x + 1966, 12*x - 8*x + 5*s - 1567 = 0. Calculate the remainder when x is divided by 11.
8
Suppose 0 = -239*h + 483*h - 234*h - 840. What is the remainder when 2685 is divided by h?
81
Let i(x) = x + 5. Suppose 123*v - 3*g = 122*v + 68, -2*v + 169 = 5*g. Calculate the remainder when v is divided by i(8).
12
Let a = 607 - -564. Suppose 186 = 5*g + 3*d - a, g - d - 265 = 0. Calculate the remainder when g is divided by 69.
62
Let p(g) = -9*g**3 + g**2 - 6*g + 5. What is the remainder when p(-3) is divided by 36?
23
Let p(v) = 4*v**2 - 404*v + 629. What is the remainder when 1583 is divided by p(100)?
209
Let a be -3*(-4)/(-30)*15. Let b(w) = w**2 + w - 18. What is the remainder when 71 is divided by b(a)?
11
Suppose -10*i - 5*f = -6*i - 280, 0 = -5*i + 5*f + 395. What is the remainder when i is divided by 564/14 - (-4)/(-14)?
35
Suppose 5*c + 5*t = 385, -6*t - 126 = -2*c - t. What is the remainder when 166 is divided by c?
20
Let a = -630 + -270. What is the remainder when (-12)/10*(a/(-8))/(-5) is divided by 22?
5
Let u(g) = g**3 - 5*g**2 - 6*g - 3. Let o be u(6). Let q(s) = -11*s - 40 - 3*s**2 + 12 + 9 + 10 + 5. What is the remainder when 3 is divided by q(o)?
1
Let a(c) = 126*c**2 + c + 7. Calculate the remainder when 1466 is divided by a(1).
126
Let t = 236 + -131. What is the remainder when ((-80)/(-30))/(5/(t/2)) is divided by 3?
1
What is the remainder when (-954)/(-10) - -18*17/(-765) is divided by 44?
7
Suppose -143*y + 204466 = -8318. What is the remainder when y is divided by 183?
24
Let b = -181 - -261. Suppose -62*d - 324 = -b*d. What is the remainder when 230 is divided by d?
14
Suppose 343*r - 96 = -4*b + 347*r, -5*r = -3*b + 58. What is the remainder when 1202 is divided by b?
24
Suppose -2*p - b - 2*b = 15, 4*p = -2*b - 10. Suppose p = 5*g - 3*g + 2. What is the remainder when 73 is divided by (0 - -1)*(g + 16)?
13
Let g(f) = -95 - 5*f - 13*f - 2 + 26. What is the remainder when g(-6) is divided by (4 - 2) + 6 + 0?
5
Let p = -3438 + 7643. What is the remainder when (-2)/(-12) - (8 - p/6) is divided by 12?
9
Let w(f) = 8*f + 8. Let p be w(0). Suppose -26*t = -p*t - 540. Calculate the remainder when 102 is divided by t.
12
Let f(z) = -329*z - 33. Let m be f(-3). Let j = -931 + m. Calculate the remainder when 144 is divided by j.
6
Let k = 40 - 29. Suppose -12*j + 202 - 118 = 0, w = 3*j - 6. Calculate the remainder when w is divided by k.
4
Suppose 3*z + 504 = -2*g, -1040 = 9*g - 5*g - 2*z. Let d = g + 291. Calculate the remainder when 195 is divided by d.
30
Calculate the remainder when 593 is divided by 9/(6/(-2))*(705/(-45) + 8).
18
Let k = -20832 - -20877. What is the remainder when 2576 is divided by k?
11
Let c(y) = -y**3 - 40*y**2 - 112*y + 301. Calculate the remainder when c(-37) is divided by 195.
143
Suppose 29*d - 48*d + 16*d = -48. Suppose -a + r + 214 = -4*r, -1028 = -5*a + 4*r. What is the remainder when a is divided by d?
12
Let v(l) = 6*l**2 - 7*l - l**3 - 2*l**2 + 3 + 7 + 3*l**2. What is the remainder when -2 + 4 - (2 + -48) is divided by v(5)?
23
Suppose 156*l - 158*l = -530. Let w = -181 + l. What is the remainder when w is divided by 22?
18
Let k(d) = d**3 - 7*d**2 + 10*d. Let f be k(5). Let t = 4 + 0. Suppose -5 = -x, t*z - 518 = -f*x + 2*x. Calculate the remainder when z is divided by 27.
24
Suppose 44*t - 21*t - 4186 = 0. What is the remainder when 748 is divided by t?
20
Let s be (53/(-2))/((-14)/252). Suppose s = b - 4*y + 10, -4*y = 5*b - 2335. Calculate the remainder when b is divided by 36.
35
Let w = -1913 + 1946. Calculate the remainder when (-67)/13 + (-8)/(-52) + 64 is divided by w.
26
Let l(d) = 4*d**2 + 33*d - 105. Calculate the remainder when l(6) is divided by 11.
6
Let k(y) = -y**3 + 18*y**2 + 1218*y - 112. What is the remainder when 435 is divided by k(45)?
21
Suppose -4*z - z + 60 = 0. What is the remainder when z is divided by (-9)/(-21) + 444/42?
1
Suppose -2*o - 360 = -10*o. Suppose 0 = y - 4*t + o, -7*y - 4*t - 45 = -6*y. Let m = y - -86. Calculate the remainder when 78 is divided by m.
37
Let z(o) = -2*o**2 + 27*o - 11. Let h(x) = x**2 - 3*x - 2. Let q be h(2). Calculate the remainder when q/12 - (-34)/3 is divided by z(13).
1
Let n = -158 + 166. Calculate the remainder when 87 is divided by (4/n)/(91/(-46) + 2).
18
Let z be 5/(-1 - -2) - 1. Let q(d) = d. Let g(b) = -5*b + 36. Let c(f) = z*q(f) + g(f). What is the remainder when 25 is divided by c(21)?
10
Suppose 0 = v + 24*f - 26*f - 416, -5*f = -2*v + 835. Calculate the remainder when v is divided by 25.
10
Suppose 11*z - 12*z = 5*m - 1064, -m - 2*z = -220. Calculate the remainder when m is divided by 43.
40
Suppose -4*d + l + 218 = -l, 0 = -d - l + 53. Suppose g = 0, 205*t = 209*t + 5*g - 60. Calculate the remainder when d is divided by t.
9
Let b(a) = 37*a**3 - 11*a**2 + 66*a - 47. Calculate the remainder when b(4) is divided by 34.
29
Let p be (-9 + 9)/(-1*2). Suppose p = -8*c + 6*c. Suppose -2*m = 3*m + 4*k - 35, -5*k = c. Calculate the remainder when 12 is divided by m.
5
Let u be ((-27)/(-15))/(1/(-5)). Let b = 18 + u. Let z(y) = y**2 + 33*y - 317. What is the remainder when z(-42) is divided by b?
7
Suppose -3*g = -4*g - 288. Let k be g/(-24)*(0 - (-2)/4). What is the remainder when (-1)/(k/(-158)) - (-23)/(-69) is divided by 7?
5
Let o(k) = -2*k**3 - 32*k**2 - 31*k - 9. What is the remainder when o(-16) is divided by 99?
91
Let x(a) = 8*a**2 - 3*a - 5. Let z = -973 - -992. What is the remainder when x(4) is divided by z?
16
What is the remainder when (338 - 28/(-2)) + -15 is divided by (-4)/6 + (-789)/(-9)?
76
Suppose 0 = 3*h - 2*s - 72, -5*h - 131*s + 134*s + 121 = 0. Suppose 5*y + 4*w - 340 = -w, 3*y = 5*w + 188. Calculate the remainder when y is divided by h.
14
Let v be ((-28)/(-16))/((-3)/(-12)). Calculate the remainder when 9 is divided by 3/(-12)*(-56)/v.
1
Let o = 8549 - 7962. What is the remainder when o is divided by 35?
27
Let u = 1502 - 1479. What is the remainder when 111 is divided by u?
19
Suppose -2*b + 3*w = -18, -3*b + 7*w + 28 = 3*w. Calculate the remainder when 1868 is divided by b.
8
What is the remainder when 150 is 